(-21))/(-1) + 92/14. What is the tens digit of (2/10)/(t + 107232/(-15320))?
8
Let p be (0 - (-228)/(-9))/(46/(-345)). Let m = 142 + p. What is the tens digit of m?
3
Suppose -2 + 30 = -j. Let w = 28 + j. Suppose -6*h + 16 + 392 = w. What is the tens digit of h?
6
Let d be 13780 + 1 + 135/(-27). What is the units digit of 40/(-30) + d/18?
4
Let t(w) be the second derivative of 0 + 13/2*w**2 + 1/20*w**5 - 1/6*w**3 + 14*w + 7/12*w**4. What is the units digit of t(-6)?
5
Suppose 282*h + 3908073 = 426*h - 4108839. What is the ten thousands digit of h?
5
Suppose 9*n = 6*n - 45. Let l be ((-96)/60)/(6/n). Suppose 6 = 2*v - l*k, -1 = 2*v - 3*k - 7. What is the units digit of v?
3
Suppose -5*v + 15 = 0, -4*s + 1613 - 515 = -2*v. What is the units digit of s?
6
Let y(d) = -49 + d**3 - 6*d**2 - 2*d**3 + 4*d - 6*d + 16. What is the tens digit of y(-7)?
3
Suppose 10 = 3*a + 4*x, -2 = -15*x + 13*x. What is the units digit of (-1)/((0 - -4)/(-476)) - a?
7
Let r be 4/(-14) + (4 - 54/(-42)). Let w be (17 - -2)*8 - -5. Suppose 0 = -j - 0*j - 2, 0 = -i - r*j + w. What is the tens digit of i?
6
Suppose 0 = -5*j + 5*i + 23670, -3*i = -7*i + 24. What is the thousands digit of j?
4
Suppose 3*z + 9 = 0, -5*g + 8 = 5*z - 12. Suppose -236 = -2*w + 2*k, k = 4*w - g*w + 338. What is the tens digit of w?
1
Let u(f) be the third derivative of -f**5/60 + 13*f**4/8 + 21*f**3 - 63*f**2. What is the units digit of u(40)?
6
Let n = 26810 - 13808. What is the ten thousands digit of n?
1
Suppose 0 = -2*z + b + 37707 - 8290, -4*b - 20 = 0. What is the units digit of z?
6
Let z = -51 + 57. Suppose 6*k - 7*k = -z. What is the tens digit of (123/k + -3)*(-1 - -3)?
3
Let b(r) = -28*r + 2*r**3 + 29 - 28 - 4 - r**3. What is the hundreds digit of b(9)?
4
Suppose -121*h = -119*h - u - 17315, -4*u = 12. What is the tens digit of h?
5
Suppose -43*s + 73894 + 140901 = -104136. What is the hundreds digit of s?
4
Let c(v) = 394*v + 1232. What is the tens digit of c(41)?
8
Let b = 540 + -304. Let d be ((-10)/(-5))/(4/60). Suppose 2*k = -5*l + b, d + 190 = 2*k + l. What is the units digit of k?
8
Suppose 0 = 4*a - 3*o + 7*o - 80, -64 = -3*a - 4*o. Suppose -a*n + 10670 = 766. What is the units digit of n?
9
Suppose 970*l + 841 = 4*j + 965*l, j - 4*l = 202. What is the units digit of j?
4
Let j be 43902/18*4/3. Let h be 10/(-45) - 245/(-9). What is the units digit of j/54 + (-6)/h?
0
Let u = -43 - -103. Let p be ((-40)/u)/((-2)/285). Suppose -7*r + p = -2*r. What is the tens digit of r?
1
Let p = -130 - -133. Suppose 17 = 4*q - z, -4*q - p*z + 29 = -0*q. What is the units digit of q?
5
Suppose 4 = 2*v, -55*c + 2928 = -54*c + 4*v. What is the units digit of c?
0
Let s(l) = 7*l**2 - 38*l + 13. Let q be s(-9). Suppose -u = 4*k - q, -5*u - 2582 = -4*k - 7264. What is the hundreds digit of u?
9
Let x(k) = 81*k**2 + 4*k + 353. What is the ten thousands digit of x(13)?
1
Suppose 9*r = 8*r + 261. Let s = 118 + r. What is the tens digit of s?
7
Let v = 50 + -48. Let f be (-12)/(v + 1) - -9. Suppose -f*p + 4*d + 244 + 250 = 0, -5*d + 289 = 3*p. What is the tens digit of p?
9
Let v = 9287 + -2575. What is the thousands digit of v?
6
Suppose 0 = 5*u - c - 12, 3*c - 8*c + 18 = u. Suppose 948 = 5*z - u*z. What is the hundreds digit of z?
4
Suppose -2*i + 4*i - 3*a = 1781, -4*a = -3*i + 2673. Let t = i - 410. What is the hundreds digit of t?
4
Let z(t) = -195*t - 3. Suppose -9*w - 18 = 9*w. What is the hundreds digit of z(w)?
1
Let o(q) = -9*q**3 - 5*q**2 - 75. Let l be o(-8). Suppose l + 688 = 13*k. What is the hundreds digit of k?
3
Let u = 14017 + -4025. What is the units digit of u?
2
Suppose -5*k = -32 - 18. What is the units digit of 114/(-30)*-61 - 8/k?
1
Let g = 161 - 165. What is the thousands digit of 1322325/825 - g/22?
1
Let s(j) = -3*j**2 + 149*j + 42. Let u(v) = v**2 - 18*v + 16. Let a be u(19). What is the tens digit of s(a)?
8
Suppose -4*t + 5188 - 1533 = 3*z, 3*z + 9 = 0. What is the hundreds digit of t?
9
Let t(v) = -6*v - 206. Let q be t(-34). Let l(m) = -145*m**3 - 3*m**2 - 3*m + 3. What is the tens digit of l(q)?
5
Let a be (-24)/5*4900/(-294). Let x = -1 - -1. Let p = a + x. What is the units digit of p?
0
Let o = -34923 - -47670. What is the units digit of o?
7
What is the tens digit of -13 + 9714 - (-16)/(-4)*1?
9
Let f(r) = 1653*r + 145. Let d be f(4). Suppose -11*g + 5068 + d = 0. What is the tens digit of g?
7
Let n be (-31 - -28) + 1 + 2. Suppose -5*v = -5*a + 30, -a + 4*v = -n*a - 15. Suppose -5 = -3*o - i + 140, 4*i = -a*o + 130. What is the tens digit of o?
5
Suppose -75*q = -71*q - 16. Suppose 5*b + 0*b - 43 = -u, -q*u = -3*b + 12. Suppose b*a + 127 = y + 9*a, 5*y = -3*a + 635. What is the units digit of y?
7
Suppose -4*r + 56610 = 5*u, -3*u + 34918 = -5*r + 952. What is the tens digit of u?
2
Let o = 276 + 154. What is the hundreds digit of o?
4
Let q(t) be the first derivative of -5*t**2/2 + 9*t - 2. Suppose 942 - 459 = -21*v. What is the hundreds digit of q(v)?
1
Suppose -5*m - 2*r = -1364, 0 = -5*m + 12*r - 16*r + 1358. Suppose -3*n + n + 4*y = -148, 4*n + 3*y - m = 0. What is the units digit of n?
0
Suppose 0 = -69*u + 75*u - 132. Suppose 296 = u*i - 18*i. Let p = i - 5. What is the tens digit of p?
6
Let d be (-2116)/(-6) + 19/(-285)*-20. Suppose -c - 3 = 2, -5*g = c. What is the hundreds digit of (-5 + g)/((-3)/d*2)?
2
Let s be (-26 + (-1785)/(-68))/((-1)/(-32)). Let d = 3052 + -1816. What is the units digit of (2/s)/(3/d)?
3
Let s = 77 + -68. Suppose s*v = 14*v - 10. Suppose 4*j = -4*o + 460, 29 + 86 = j - v*o. What is the hundreds digit of j?
1
Suppose -29524 - 12669 = -21*n + 5456. What is the hundreds digit of n?
2
Suppose 15*n + 78*n = 499782. What is the tens digit of n?
7
Let w = 106765 - 57422. What is the thousands digit of w?
9
Let a(n) = 2516*n - 92. What is the thousands digit of a(5)?
2
Let c = -817 + 820. Suppose 2*q + 4*v = 2920, -2*q - c*v = -3*q + 1445. What is the thousands digit of q?
1
Let x(p) = -p**2 - 23*p - 11. Suppose -3*m = -84 - 87. Let v be (24/(-36))/(2/m). What is the units digit of x(v)?
5
Let d be -1765 - (2 - 9 - -3). Let j = 3456 + d. What is the units digit of j?
5
What is the units digit of (2 - 160/(-2))*(116 - 110)?
2
Let d(l) = 3*l**2 - 6*l - 2. Let m be d(-4). Suppose -60*q + 4501 = 901. What is the tens digit of (m/(-25))/((-1)/q)?
6
Suppose x - 7 = g, 3*x + 0 - 5 = -5*g. Suppose 0 = 4*p + 7*l - 2*l - 74, -90 = -x*p - 5*l. Suppose -13*c = -p*c + 336. What is the units digit of c?
2
Suppose 0 = 3*k + 1 + 8. Let r be ((-1)/k*0)/(-1 - 0). Suppose -9*f + 5*f + 392 = r. What is the units digit of f?
8
Let x(q) be the first derivative of q**4/2 - 16*q**3/3 - 5*q**2 - 18*q + 3. What is the units digit of x(12)?
4
Let c(p) = 283*p**2 - 299*p - 1751. What is the tens digit of c(-6)?
3
Let u be (30/(-15))/((-4)/(-6)). Let g be (2 - 1) + 2 + u. Suppose -4*n + 34 + 86 = g. What is the units digit of n?
0
Suppose 0 = 6*z - 803 + 293. Let y = z + -50. Let a = 72 - y. What is the units digit of a?
7
Let y(p) = -p**3 - 87*p**2 - 186*p - 361. What is the tens digit of y(-87)?
2
Suppose k - 6 = j, -3*k - 9 = -4*j - 32. Let t be k + 482 - (-15 + 10). Let i = t - 251. What is the hundreds digit of i?
2
Let o = -23 - -27. Suppose -o*a - 5*s = a + 40, 0 = a + 5*s - 8. What is the tens digit of (a/3)/(4/(-18))?
1
Let b(z) = 546*z + 87. Let j be b(13). Suppose 1039 = 8*q - j. What is the thousands digit of q?
1
Let r(v) = 86*v**2 - 238*v - 7. What is the units digit of r(-2)?
3
What is the thousands digit of 36/20*(-959350)/(-105) - -1?
6
Suppose -969354 = -116*d + 6048762. What is the tens digit of d?
0
What is the thousands digit of (-193115)/(-39) - 11/(-33)?
4
Suppose -3*p = 26*f - 21*f - 993, -1289 = -4*p + 5*f. What is the units digit of p?
6
Let u be (4524/234)/(1/9). Suppose u*p - 167*p = 13160. What is the hundreds digit of p?
8
Let i be (33/(-1) + 0)*(-4 - -3). Suppose 2208 = i*p - 27*p. What is the tens digit of p?
6
What is the thousands digit of (3 - 11 - -9) + 60486/((-2)/(-2))?
0
Let w = 47 + -18. Let z(c) = 3 + 8 + 0 - 9 - w*c. What is the units digit of z(-6)?
6
Let d be 1 + (-48)/(-14) + (-372)/(-651). Suppose d*q + 5*a = 2385, 3*q = 4*a - a + 1419. What is the units digit of q?
5
Let x(d) be the third derivative of -d**4/3 + 35*d**3